{"id":1969,"date":"2019-01-02T18:08:12","date_gmt":"2019-01-02T16:08:12","guid":{"rendered":"http:\/\/koller.bz\/?page_id=1969"},"modified":"2019-01-02T18:08:13","modified_gmt":"2019-01-02T16:08:13","slug":"datenschutzerklaerung","status":"publish","type":"page","link":"https:\/\/koller.bz\/?page_id=1969","title":{"rendered":"Datenschutzerkl\u00e4rung"},"content":{"rendered":"\n<p>Die Betreiber dieser Seite nehmen den Schutz Ihrer\npers\u00f6nlichen Daten sehr ernst. Wir behandeln Ihre personenbezogenen Daten\nvertraulich und entsprechend der gesetzlichen Datenschutzvorschriften sowie in\ndieser Datenschutzerkl\u00e4rung beschrieben. Die Nutzung unserer Webseite ist in\nder Regel ohne Angabe personenbezogener Daten m\u00f6glich. Soweit auf unseren\nSeiten personenbezogene Daten (beispielsweise Name, Anschrift oder\nE-Mail-Adressen) erhoben werden, erfolgt dies, soweit m\u00f6glich, stets auf\nfreiwilliger Basis. Diese Daten werden nicht an Dritte weitergegeben. Eine\nAusnahme gilt in solchen F\u00e4llen, in denen eine vorherige Einholung einer\nEinwilligung aus tats\u00e4chlichen Gr\u00fcnden nicht m\u00f6glich ist und die Verarbeitung\nder Daten durch gesetzliche Vorschriften gestattet ist.<\/p>\n\n\n\n<p>Die Adresse unserer Website ist: https:\/\/koller.bz.<\/p>\n\n\n\n<p>F\u00fcr die Verarbeitung verantwortlich ist:<\/p>\n\n\n\n<p>Dipl.-Ing. Hans Georg Koller, BSc<\/p>\n\n\n\n<p>D\u00f6rfla 28<\/p>\n\n\n\n<p>8082 Kirchbach-Zerlach<\/p>\n\n\n\n<p>admin (at) koller.bz<\/p>\n\n\n\n<p>Erhebung von personenbezogene Daten:<\/p>\n\n\n\n<p>Wir speichern bei einem einfachen Webseitenbesuch lediglich\nZugriffsdaten im Rahmen so genannter Server-Log-Files. Dies sind Daten, welche Ihr\nBrowser zur Verf\u00fcgung stellt und die ohne Personenbezug sind, und zwar:<\/p>\n\n\n\n<p>Browsertyp\/ -version<\/p>\n\n\n\n<p>Verwendetes Betriebssystem<\/p>\n\n\n\n<p>Referrer-URL (die zuvor besuchte Seite)<\/p>\n\n\n\n<p>Hostname des zugreifenden Rechners (IP-Adresse)<\/p>\n\n\n\n<p>Uhrzeit und Datum der Serveranfrage<\/p>\n\n\n\n<p>Diese Daten sind f\u00fcr uns nicht bestimmten Personen\nzuordenbar. Eine Zusammenf\u00fchrung dieser Daten mit anderen Datenquellen wird\nnicht vorgenommen. Hierzu werden die Zugriffe der Nutzer auf unsere Webseiten\nin den Server-Log-Files gespeichert, inklusive der IP-Adresse. Ein R\u00fcckschluss\nauf eine bestimmte Person ist bei der Verwendung der Daten durch uns nicht\nm\u00f6glich. Die vor\u00fcbergehende Speicherung der IP-Adresse durch das System ist\nnotwendig, um eine Auslieferung der Website an den Rechner des Nutzers zu erm\u00f6glichen.\nHierf\u00fcr muss die IP-Adresse des Nutzers f\u00fcr die Dauer der Sitzung gespeichert\nbleiben. Die Speicherung in Logfiles erfolgt, um die Funktionsf\u00e4higkeit der\nWebseite sicherzustellen. Zudem dienen uns die Daten zur Optimierung der\nWebsite und zur Sicherstellung der Sicherheit unserer informationstechnischen\nSysteme. Eine Auswertung der Daten zu Marketingzwecken findet in diesem\nZusammenhang nicht statt. Rechtsgrundlage f\u00fcr die vor\u00fcbergehende Speicherung\nder Daten und der Logfiles ist Art. 6 Abs. 1 lit f DSGVO.<\/p>\n\n\n\n<p>Webhosting<\/p>\n\n\n\n<p>Wir nehmen Dienstleistungen in Anspruch, die wir zum Zweck\nder Bereitstellung dieser Webseite und der damit verbundenen Dienste bei einem\nPartner in Anspruch nehmen. Beim Hosting werden personenbezogene Daten\nverarbeitet, insbesondere die Daten aus den Logfiles, Cookies, aber auch\nKommunikationsdaten aus den Kontaktformularen usw. von betroffenen Personen.\nDer Zweck der Verarbeitung liegt in der Bereitstellung des Online-Angebots.\nDarin liegt auch unser berechtigtes Interesse in der Verarbeitung der\npersonenbezogenen Daten nach Art. 6 Abs. 1 lit. f DSGVO begr\u00fcndet. Die Daten\nwerden sobald gel\u00f6scht, wie diese f\u00fcr die Bereitstellung des Angebots nicht\nmehr erforderlich sind. Es besteht seitens der Nutzer keine\nWiderspruchsm\u00f6glichkeit. Es liegt mit dem Partner eine Vereinbarung gem. Art.\n28 DSGVO vor.<\/p>\n\n\n\n<p>Dauer der Speicherung<\/p>\n\n\n\n<p>Die Daten werden gel\u00f6scht, sobald sie f\u00fcr die Erreichung des\nZweckes ihrer Erhebung nicht mehr erforderlich sind. F\u00fcr die personenbezogenen\nDaten aus der Eingabemaske des Kontaktformulars und diejenigen, die per E-Mail\n\u00fcbersandt wurden, ist dies dann der Fall, wenn die jeweilige Konversation\nbeendet ist bzw. wenn eine vorvertragliche Ma\u00dfnahme oder ein Vertrag mit der\nKontaktaufnahme verkn\u00fcpft ist, wenn diese abgelaufen ist und keine gesetzlichen\nAufbewahrungsfristen mehr bestehen.<\/p>\n\n\n\n<p>Rechte der betroffenen Personen<\/p>\n\n\n\n<p>a) Widerruf<\/p>\n\n\n\n<p>Sie sind berechtigt, Ihr Einverst\u00e4ndnis bez\u00fcglich der Speicherung\nIhrer personenbezogenen Daten jederzeit zu widerrufen. Sie sind ebenfalls\njederzeit berechtigt, Ihre Zustimmung zur Erhebung und Speicherung von weiteren\nfreiwilligen Daten durch uns zu widerrufen. Wir weisen darauf hin, dass wir zum\nSchutz Ihrer Privatsph\u00e4re und Ihrer Sicherheit, Ihre Identit\u00e4t pr\u00fcfen, bevor\nSie solche Ma\u00dfnahmen vornehmen k\u00f6nnen.<\/p>\n\n\n\n<p>Sollten Sie der Nutzung Ihrer Daten f\u00fcr die Zukunft\nwidersprechen und\/oder eine erteilte Einwilligung widerrufen wollen, wenden Sie\nsich bitte m\u00f6glichst unter Beif\u00fcgung einer Personalausweiskopie an nachstehende\nAdresse: admin (at) koller.bz<\/p>\n\n\n\n<p>Im Falle des Widerrufs der Speicherung, Verarbeitung und\nNutzung Ihrer personenbezogenen Daten werden wir Ihre s\u00e4mtlichen gespeicherten\nDaten unverz\u00fcglich l\u00f6schen bzw. sperren.<\/p>\n\n\n\n<p>b) Sperrung, L\u00f6schung und Berichtigung Ihrer\npersonenbezogenen Daten<\/p>\n\n\n\n<p>Sie haben das Recht, bei uns gespeicherte personenbezogene\nDaten, einschr\u00e4nken, widersprechen, sperren bzw. l\u00f6schen und\/oder berichtigen\nzu lassen. Zudem haben sie das Recht auf Daten\u00fcbertragung.<\/p>\n\n\n\n<p>c) Auskunftsrecht<\/p>\n\n\n\n<p>Sie k\u00f6nnen von uns eine Best\u00e4tigung dar\u00fcber verlangen, ob\nund in welchem Ausma\u00df wir Ihre Daten verarbeiten.<\/p>\n\n\n\n<p>d) Beschwerderecht<\/p>\n\n\n\n<p>Sind Sie der Meinung, dass wir bei der Verarbeitung Ihrer\nDaten gegen \u00f6sterreichisches oder europ\u00e4isches Datenschutzrecht versto\u00dfen, so\nersuchen wir Sie, mit uns Kontakt aufzunehmen, um allf\u00e4llige Fragen aufkl\u00e4ren\nzu k\u00f6nnen. Sie haben selbstverst\u00e4ndlich auch das Recht, sich bei der\nDatenschutzbeh\u00f6rde, ab 25.5.2018 auch bei einer Aufsichtsbeh\u00f6rde innerhalb der\nEU, zu beschweren.<\/p>\n\n\n\n<p>Datenschutzbestimmung zum Einsatz von Google Analytics<\/p>\n\n\n\n<p>Wir setzen auf Grundlage unserer berechtigten Interessen\n(d.h. Interesse an der Analyse, Optimierung und wirtschaftlichem Betrieb\nunseres Onlineangebotes im Sinne des Art. 6 Abs. 1 lit. f. DSGVO) Google\nAnalytics, einen Webanalysedienst der Google LLC (\u201eGoogle\u201c) ein. Google\nverwendet Cookies. Die durch das Cookie erzeugten Informationen \u00fcber Benutzung\ndes Onlineangebotes durch die Nutzer werden in der Regel an einen Server von\nGoogle in den USA \u00fcbertragen und dort gespeichert.<\/p>\n\n\n\n<p>Google ist unter dem Privacy-Shield-Abkommen zertifiziert\nund bietet hierdurch eine Garantie, das europ\u00e4ische Datenschutzrecht\neinzuhalten\n(https:\/\/www.privacyshield.gov\/participant?id=a2zt000000001L5AAI&amp;status=Active).<\/p>\n\n\n\n<p>Google wird diese Informationen in unserem Auftrag benutzen,\num die Nutzung unseres Onlineangebotes durch die Nutzer auszuwerten, um Reports\n\u00fcber die Aktivit\u00e4ten innerhalb dieses Onlineangebotes zusammenzustellen und um\nweitere, mit der Nutzung dieses Onlineangebotes und der Internetnutzung\nverbundene Dienstleistungen, uns gegen\u00fcber zu erbringen. Dabei k\u00f6nnen aus den\nverarbeiteten Daten pseudonyme Nutzungsprofile der Nutzer erstellt werden.<\/p>\n\n\n\n<p>Wir setzen Google Analytics nur mit aktivierter\nIP-Anonymisierung ein. Das bedeutet, die IP-Adresse der Nutzer wird von Google\ninnerhalb von Mitgliedstaaten der Europ\u00e4ischen Union oder in anderen\nVertragsstaaten des Abkommens \u00fcber den Europ\u00e4ischen Wirtschaftsraum gek\u00fcrzt.\nNur in Ausnahmef\u00e4llen wird die volle IP-Adresse an einen Server von Google in\nden USA \u00fcbertragen und dort gek\u00fcrzt.<\/p>\n\n\n\n<p>Die von dem Browser des Nutzers \u00fcbermittelte IP-Adresse wird\nnicht mit anderen Daten von Google zusammengef\u00fchrt. Die Nutzer k\u00f6nnen die\nSpeicherung der Cookies durch eine entsprechende Einstellung ihrer\nBrowser-Software verhindern; die Nutzer k\u00f6nnen dar\u00fcber hinaus die Erfassung der\ndurch das Cookie erzeugten und auf ihre Nutzung des Onlineangebotes bezogenen\nDaten an Google sowie die Verarbeitung dieser Daten durch Google verhindern,\nindem sie das unter folgendem Link verf\u00fcgbare Browser-Plugin herunterladen und\ninstallieren: http:\/\/tools.google.com\/dlpage\/gaoptout?hl=de.<\/p>\n\n\n\n<p>Weitere Informationen zur Datennutzung durch Google,\nEinstellungs- und Widerspruchsm\u00f6glichkeiten, erfahren Sie in der\nDatenschutzerkl\u00e4rung von Google (https:\/\/policies.google.com\/technologies\/ads)\nsowie in den Einstellungen f\u00fcr die Darstellung von Werbeeinblendungen durch\nGoogle (https:\/\/adssettings.google.com\/authenticated).<\/p>\n\n\n\n<p>Die personenbezogenen Daten der Nutzer werden nach 14\nMonaten gel\u00f6scht oder anonymisiert.<\/p>\n\n\n\n<p>Onlinepr\u00e4senzen in sozialen Medien<\/p>\n\n\n\n<p>Wir unterhalten Onlinepr\u00e4senzen innerhalb sozialer Netzwerke\nund Plattformen, um mit den dort aktiven Kunden, Interessenten und Nutzern\nkommunizieren und sie dort \u00fcber unsere Leistungen informieren zu k\u00f6nnen.<\/p>\n\n\n\n<p>Wir weisen darauf hin, dass dabei Daten der Nutzer au\u00dferhalb\ndes Raumes der Europ\u00e4ischen Union verarbeitet werden k\u00f6nnen. Hierdurch k\u00f6nnen\nsich f\u00fcr die Nutzer Risiken ergeben, weil so z.B. die Durchsetzung der Rechte\nder Nutzer erschwert werden k\u00f6nnte. Im Hinblick auf US-Anbieter die unter dem\nPrivacy-Shield zertifiziert sind, weisen wir darauf hin, dass sie sich damit\nverpflichten, die Datenschutzstandards der EU einzuhalten.<\/p>\n\n\n\n<p>Ferner werden die Daten der Nutzer im Regelfall f\u00fcr\nMarktforschungs- und Werbezwecke verarbeitet. So k\u00f6nnen z.B. aus dem Nutzungsverhalten\nund sich daraus ergebenden Interessen der Nutzer Nutzungsprofile erstellt\nwerden. Die Nutzungsprofile k\u00f6nnen wiederum verwendet werden, um z.B.\nWerbeanzeigen innerhalb und au\u00dferhalb der Plattformen zu schalten, die\nmutma\u00dflich den Interessen der Nutzer entsprechen. Zu diesen Zwecken werden im\nRegelfall Cookies auf den Rechnern der Nutzer gespeichert, in denen das\nNutzungsverhalten und die Interessen der Nutzer gespeichert werden. Ferner\nk\u00f6nnen in den Nutzungsprofilen auch Daten unabh\u00e4ngig der von den Nutzern\nverwendeten Ger\u00e4te gespeichert werden (insbesondere wenn die Nutzer Mitglieder\nder jeweiligen Plattformen sind und bei diesen eingeloggt sind).<\/p>\n\n\n\n<p>Die Verarbeitung der personenbezogenen Daten der Nutzer\nerfolgt auf Grundlage unserer berechtigten Interessen an einer effektiven\nInformation der Nutzer und Kommunikation mit den Nutzern gem. Art. 6 Abs. 1\nlit. f. DSGVO. Falls die Nutzer von den jeweiligen Anbietern um eine\nEinwilligung in die Datenverarbeitung gebeten werden (d.h. ihr Einverst\u00e4ndnis z.B.\n\u00fcber das Anhaken eines Kontrollk\u00e4stchens oder Best\u00e4tigung einer Schaltfl\u00e4che\nerkl\u00e4ren) ist die Rechtsgrundlage der Verarbeitung Art. 6 Abs. 1 lit. a., Art.\n7 DSGVO.<\/p>\n\n\n\n<p>F\u00fcr eine detaillierte Darstellung der jeweiligen\nVerarbeitungen und der Widerspruchsm\u00f6glichkeiten (Opt-Out), verweisen wir auf\ndie nachfolgend verlinkten Angaben der Anbieter.<\/p>\n\n\n\n<p>Auch im Fall von Auskunftsanfragen und der Geltendmachung\nvon Nutzerrechten, weisen wir darauf hin, dass diese am effektivsten bei den\nAnbietern geltend gemacht werden k\u00f6nnen. Nur die Anbieter haben jeweils Zugriff\nauf die Daten der Nutzer und k\u00f6nnen direkt entsprechende Ma\u00dfnahmen ergreifen\nund Ausk\u00fcnfte geben. Sollten Sie dennoch Hilfe ben\u00f6tigen, dann k\u00f6nnen Sie sich\nan uns wenden.<\/p>\n\n\n\n<p>Facebook\n(Facebook Ireland Ltd., 4 Grand Canal Square, Grand Canal Harbour, Dublin 2,\nIrland) \u2013 Datenschutzerkl\u00e4rung: https:\/\/www.facebook.com\/about\/privacy\/,\nOpt-Out: https:\/\/www.facebook.com\/settings?tab=ads und\nhttp:\/\/www.youronlinechoices.com, Privacy Shield: https:\/\/www.privacyshield.gov\/participant?id=a2zt0000000GnywAAC&amp;status=Active.<\/p>\n\n\n\n<p>Google\/\nYouTube (Google LLC, 1600 Amphitheatre Parkway, Mountain View, CA 94043, USA) \u2013\nDatenschutzerkl\u00e4rung:&nbsp;\nhttps:\/\/policies.google.com\/privacy, Opt-Out:\nhttps:\/\/adssettings.google.com\/authenticated, Privacy Shield:\nhttps:\/\/www.privacyshield.gov\/participant?id=a2zt000000001L5AAI&amp;status=Active.<\/p>\n\n\n\n<p>Instagram\n(Instagram Inc., 1601 Willow Road, Menlo Park, CA, 94025, USA) \u2013\nDatenschutzerkl\u00e4rung\/ Opt-Out: http:\/\/instagram.com\/about\/legal\/privacy\/.<\/p>\n\n\n\n<p>Twitter (Twitter\nInc., 1355 Market Street, Suite 900, San Francisco, CA 94103, USA) \u2013\nDatenschutzerkl\u00e4rung: https:\/\/twitter.com\/de\/privacy, Opt-Out:\nhttps:\/\/twitter.com\/personalization, Privacy Shield:\nhttps:\/\/www.privacyshield.gov\/participant?id=a2zt0000000TORzAAO&amp;status=Active.<\/p>\n\n\n\n<p>Tumblr (Tumblr Inc., 770 Broadway, New York, NY 10003, USA) \u2013\nDatenschutzerkl\u00e4rung: https:\/\/www.tumblr.com\/privacy<\/p>\n\n\n\n<p>Einbindung von Diensten und Inhalten Dritter<\/p>\n\n\n\n<p>Wir setzen innerhalb unseres Onlineangebotes auf Grundlage\nunserer berechtigten Interessen (d.h. Interesse an der Analyse, Optimierung und\nwirtschaftlichem Betrieb unseres Onlineangebotes im Sinne des Art. 6 Abs. 1\nlit. f. DSGVO) Inhalts- oder Serviceangebote von Drittanbietern ein, um deren\nInhalte und Services, wie z.B. Videos oder Schriftarten einzubinden\n(nachfolgend einheitlich bezeichnet als \u201cInhalte\u201d).<\/p>\n\n\n\n<p>Dies setzt immer voraus, dass die Drittanbieter dieser\nInhalte, die IP-Adresse der Nutzer wahrnehmen, da sie ohne die IP-Adresse die\nInhalte nicht an deren Browser senden k\u00f6nnten. Die IP-Adresse ist damit f\u00fcr die\nDarstellung dieser Inhalte erforderlich. Wir bem\u00fchen uns nur solche Inhalte zu\nverwenden, deren jeweilige Anbieter die IP-Adresse lediglich zur Auslieferung\nder Inhalte verwenden. Drittanbieter k\u00f6nnen ferner so genannte Pixel-Tags\n(unsichtbare Grafiken, auch als \u201eWeb Beacons\u201c bezeichnet) f\u00fcr statistische oder\nMarketingzwecke verwenden. Durch die \u201ePixel-Tags\u201c k\u00f6nnen Informationen, wie der\nBesucherverkehr auf den Seiten dieser Website ausgewertet werden. Die\npseudonymen Informationen k\u00f6nnen ferner in Cookies auf dem Ger\u00e4t der Nutzer\ngespeichert werden und unter anderem technische Informationen zum Browser und\nBetriebssystem, verweisende Webseiten, Besuchszeit sowie weitere Angaben zur\nNutzung unseres Onlineangebotes enthalten, als auch mit solchen Informationen\naus anderen Quellen verbunden werden.<\/p>\n\n\n\n<p>Youtube<\/p>\n\n\n\n<p>Wir binden die Videos der Plattform \u201cYouTube\u201d des Anbieters\nGoogle LLC, 1600 Amphitheatre Parkway, Mountain View, CA 94043, USA, ein.\nDatenschutzerkl\u00e4rung: https:\/\/www.google.com\/policies\/privacy\/, Opt-Out:\nhttps:\/\/adssettings.google.com\/authenticated.<\/p>\n\n\n\n<p>Dauer der Datenspeicherung<\/p>\n\n\n\n<p>Personenbezogenen Daten werden f\u00fcr die Dauer der\ngesetzlichen Aufbewahrungsfrist gespeichert. Nach Ablauf der Frist werden die\nentsprechenden Daten routinem\u00e4\u00dfig gel\u00f6scht, sofern sie nicht mehr zur\nVertragserf\u00fcllung oder Vertragsanbahnung erforderlich sind.<\/p>\n\n\n\n<p>Cookies<\/p>\n\n\n\n<p>Die Internetseiten verwenden teilweise so genannte Cookies.\nCookies richten auf Ihrem Rechner keinen Schaden an und enthalten keine Viren.\nCookies dienen dazu, unser Angebot nutzerfreundlicher, effektiver und sicherer\nzu machen. Cookies sind kleine Textdateien, die auf Ihrem Rechner abgelegt\nwerden und die Ihr Browser speichert.<\/p>\n\n\n\n<p>Die meisten der von uns verwendeten Cookies sind so genannte\n\u201eSession-Cookies\u201c. Sie werden nach Ende Ihres Besuchs automatisch gel\u00f6scht.\nAndere Cookies bleiben auf Ihrem Endger\u00e4t gespeichert, bis Sie diese l\u00f6schen.\nDiese Cookies erm\u00f6glichen es uns, Ihren Browser beim n\u00e4chsten Besuch\nwiederzuerkennen.<\/p>\n\n\n\n<p>Sie k\u00f6nnen Ihren Browser so einstellen, dass Sie \u00fcber das\nSetzen von Cookies informiert werden und Cookies nur im Einzelfall erlauben,\ndie Annahme von Cookies f\u00fcr bestimmte F\u00e4lle oder generell ausschlie\u00dfen sowie\ndas automatische L\u00f6schen der Cookies beim Schlie\u00dfen des Browsers aktivieren.\nBei der Deaktivierung von Cookies kann die Funktionalit\u00e4t dieser Webseite\neingeschr\u00e4nkt sein.<\/p>\n\n\n\n<p>Aktualisierung der Bestimmungen<\/p>\n\n\n\n<p>KOLLER.bz beh\u00e4lt sich das Recht vor, diese Bestimmungen\njederzeit entsprechend den Gesch\u00e4ftserfordernissen zu \u00e4ndern.<\/p>\n\n\n\n<p>Sie erreichen uns unter folgenden Kontaktdaten<\/p>\n\n\n\n<p>KOLLER.bz<\/p>\n\n\n\n<p>Dipl.-Ing. Hans Georg Koller, BSc<\/p>\n\n\n\n<p>D\u00f6rfla 28<\/p>\n\n\n\n<p>8082 Kirchbach-Zerlach<\/p>\n\n\n\n<p>admin (at) koller.bz<\/p>\n","protected":false},"excerpt":{"rendered":"<p>Die Betreiber dieser Seite nehmen den Schutz Ihrer pers\u00f6nlichen Daten sehr ernst. Wir behandeln Ihre personenbezogenen Daten vertraulich und entsprechend der gesetzlichen Datenschutzvorschriften sowie in dieser Datenschutzerkl\u00e4rung beschrieben. Die Nutzung unserer Webseite ist in der Regel ohne Angabe personenbezogener Daten &hellip; <a href=\"https:\/\/koller.bz\/?page_id=1969\">Weiterlesen <span class=\"meta-nav\">&rarr;<\/span><\/a><\/p>\n","protected":false},"author":1,"featured_media":0,"parent":0,"menu_order":0,"comment_status":"closed","ping_status":"closed","template":"onecolumn-page.php","meta":{"footnotes":""},"class_list":["post-1969","page","type-page","status-publish","hentry"],"aioseo_notices":[],"_links":{"self":[{"href":"https:\/\/koller.bz\/index.php?rest_route=\/wp\/v2\/pages\/1969","targetHints":{"allow":["GET"]}}],"collection":[{"href":"https:\/\/koller.bz\/index.php?rest_route=\/wp\/v2\/pages"}],"about":[{"href":"https:\/\/koller.bz\/index.php?rest_route=\/wp\/v2\/types\/page"}],"author":[{"embeddable":true,"href":"https:\/\/koller.bz\/index.php?rest_route=\/wp\/v2\/users\/1"}],"replies":[{"embeddable":true,"href":"https:\/\/koller.bz\/index.php?rest_route=%2Fwp%2Fv2%2Fcomments&post=1969"}],"version-history":[{"count":1,"href":"https:\/\/koller.bz\/index.php?rest_route=\/wp\/v2\/pages\/1969\/revisions"}],"predecessor-version":[{"id":1970,"href":"https:\/\/koller.bz\/index.php?rest_route=\/wp\/v2\/pages\/1969\/revisions\/1970"}],"wp:attachment":[{"href":"https:\/\/koller.bz\/index.php?rest_route=%2Fwp%2Fv2%2Fmedia&parent=1969"}],"curies":[{"name":"wp","href":"https:\/\/api.w.org\/{rel}","templated":true}]}}